*b, 2*g - 2*b - 10 - 94 = 0. Let i = g - -20. Calculate the highest common divisor of 28 and i.
14
Suppose -13*y = -11*y - 24. Let c = -8 - -6. Let i be (c - -4)*378/y. Calculate the greatest common divisor of i and 9.
9
Let g(m) = 10*m**2 - 127*m - 18. Let o be g(13). Calculate the highest common divisor of o and 24.
3
Let m(z) = -5*z + 7*z - 2*z - 1 + z. Let s be m(5). Calculate the greatest common factor of 68 and s.
4
Let s = 547 - 527. Calculate the greatest common divisor of s and 2060.
20
Let r be (0 - (-2 - -1)) + 8. Let k = 78 + 300. Suppose s - k = -5*s. Calculate the highest common factor of s and r.
9
Let j = 52 - 12. Suppose 0*a - 5*a = -425. Suppose -a = -5*y - 3*f, y + 4*y - 90 = -2*f. Calculate the greatest common factor of j and y.
20
Suppose -10*v + 23 = d - 12*v, -d = 2*v - 7. Let y be (-152)/(-10) + (-4)/20. Calculate the highest common factor of y and d.
15
Let y(m) = m**3 + 19*m**2 - 3*m - 12. Let k be y(-19). Let c = k + 35. Calculate the highest common divisor of 10 and c.
10
Suppose n = 4, -28 - 64 = -4*i - 5*n. Let d = 476 - 278. What is the greatest common divisor of i and d?
18
Suppose -69 = 14*q - 223. Calculate the greatest common divisor of q and 4.
1
Let b = 26 + 1. Suppose -3*u + b + 27 = 0. Calculate the greatest common factor of 45 and u.
9
Let s = 109 + -77. Let a be (156/8)/(2/(-4)). Let w = a + 43. Calculate the highest common factor of s and w.
4
Let b = -29 - -74. Let z(x) = 4 - 3*x + 9*x - 4*x**2 + 3*x**2. Let r be z(5). What is the highest common factor of b and r?
9
Let c(s) = s**3 + 19*s**2 + 49*s + 36. Let j be c(-16). What is the highest common factor of j and 4?
4
Let a(t) = t**2 + 4*t - 57. Let p be 2*(4/(-4) + -4). Let s be a(p). Calculate the greatest common factor of 5 and s.
1
Let o be (-5 + 3)*(-106)/4. Suppose -4*a + o = -43. What is the greatest common divisor of a and 60?
12
Let p(j) = 56*j. Let r be p(1). Suppose -w - 477 = -k - 4*w, 4*w + 498 = k. Let o = k + -346. Calculate the highest common divisor of r and o.
28
Let i(n) = n**2 - 6*n + 2. Let d be i(6). Suppose -d*p = -3*p + 75. Let y = 134 - 104. What is the highest common divisor of y and p?
15
Let l be 1*-1 - 14/(-2). Let a = -336 - -335. Let f be l/((2 + -3)*a). What is the greatest common divisor of f and 48?
6
Let t(z) = z**2 + 2*z + 11. Let d be t(-9). Let q be (-9*1/(-18))/((-2)/(-148)). What is the greatest common factor of q and d?
37
Suppose 38*m + 88 = 1532. What is the greatest common divisor of m and 342?
38
Suppose -2*s + 7*s = 20. Suppose q - 2*m - 2*m - 11 = 0, -62 = -s*q - 2*m. What is the greatest common divisor of q and 135?
15
Suppose 0 = -5*q - 3*p + 16, -4*q + 4*p + 0*p = 0. Suppose -24 = -2*y + 5*h, q = -5*y - 3*h + 31. What is the greatest common divisor of 21 and y?
7
Let h = -805 - -892. Calculate the highest common divisor of 3 and h.
3
Let k = 65 - 28. Suppose 7*b - k - 47 = 0. Calculate the greatest common factor of b and 8.
4
Let d be -4 + 11 + -3 + -4. Suppose d = 4*y - 419 - 857. Let g be (-1 - -2)/(1/29). Calculate the highest common divisor of g and y.
29
Suppose -d = 3*z + z - 125, 5*z = 2*d - 289. Suppose -h = 65 - d. Calculate the highest common divisor of h and 8.
8
Suppose -2*p - 3*p + 210 = 0. Suppose -2*t + 3*t - 1 = 0. Let z = t - -13. What is the highest common divisor of z and p?
14
Suppose 0 = 19*n - 759 - 989. Calculate the highest common divisor of n and 644.
92
Let m(i) = -i**3 - 9*i - 20. Let v be m(-5). What is the greatest common factor of v and 12?
6
Suppose -a + 4*m + 48 = 0, 2*a - m + 10 - 85 = 0. Calculate the greatest common factor of a and 84.
12
Let o = 13 - 9. Suppose -2*n - 4*h + 19 = -3, o*h = 4*n + 4. Suppose -4*t - 89 = -f, n*t - 254 = -4*f + 83. What is the highest common divisor of f and 34?
17
Let s = -13 + 13. Suppose s = 2*i - 1171 + 247. Suppose -2*o + 2 = -o, i = 5*f + o. Calculate the highest common divisor of f and 23.
23
Let h = 233 + -155. Calculate the greatest common factor of h and 39.
39
Let i(o) = -3*o - 4. Let q be i(-2). Suppose -3*u + 190 = -q*u. Let h = u - 86. What is the highest common factor of h and 13?
13
Let z be (-2)/4*(-13 - -1). Suppose -4*f = -6*f - 2, 2*o = -2*f + 2. Suppose -68 = o*q - z*q. What is the highest common factor of 68 and q?
17
Suppose 2*q + 5 = i, 0 = -5*i + 3*i + 5*q + 12. Let z be -2*2*(99/(-4) + i). What is the highest common divisor of 19 and z?
19
Suppose 0 = 12*u - 13 - 83. What is the highest common factor of 50 and u?
2
Let z be (-15044)/(-22) + (9 - 679/77). Calculate the greatest common factor of z and 76.
76
Let y = -3 + 6. Suppose y*q - 34 = 38. What is the highest common factor of 6 and q?
6
Let h = -154 - -133. Let x be 36/14 + 8*h/(-392). Let z(s) = -s**2 - 5*s - 1. Let n be z(-4). Calculate the greatest common factor of x and n.
3
Let w be (41/(-1))/((-6)/18). Let j be (-2)/8 + w/12. Let o = 16 - j. What is the highest common divisor of o and 9?
3
Let g(v) = 5*v - 169. Let o be g(42). Suppose -6 + 416 = 2*l. Calculate the highest common factor of l and o.
41
Let l(x) = 2*x**2 - 6*x + 7. Let p be l(5). Suppose -333 = -4*b - 117. Calculate the highest common divisor of p and b.
27
Suppose -5 = -5*i, -i = 3*b - 4*i - 6. Let n(l) be the first derivative of 3*l**2/2 + l + 4. Let j be n(b). Calculate the greatest common factor of j and 80.
10
Suppose 0 = 9*l + 3*l + 377 - 5369. Let z(n) = 14*n - 4. Let d be z(4). What is the greatest common factor of l and d?
52
Suppose -5*u + 1120 = 3*u. Let o be ((-84)/9)/((-2)/3). What is the highest common divisor of u and o?
14
Let p be (-413)/(-4) + 8/(-32). Let j = -63 + p. What is the highest common factor of j and 20?
20
Let m(u) = 20*u - 2. Let c be m(1). Let j(w) = -w**3 + 2*w**2 - w. Let k be j(1). Suppose -n - n + 90 = k. Calculate the highest common divisor of c and n.
9
Let l be (-1)/(1/(-3)) + 0. Suppose 0 = l*r - 14 - 70. Suppose -3*f + 44 = 5*y, f + 4*f = 3*y + r. What is the highest common divisor of 32 and f?
8
Suppose -74 = 2*t - 96. Calculate the highest common divisor of 121 and t.
11
Let z = -156 + 248. Let t = -1 - -29. Let p = 51 - t. Calculate the greatest common divisor of p and z.
23
Let d(n) = n**2 - 12*n + 17. Let l = 63 - 52. Let r be d(l). What is the greatest common factor of 15 and r?
3
Let s be 0 + 1 + 1*-5. Let b be 1/(-4) - 749/s. Let d = 58 + -41. Calculate the greatest common factor of d and b.
17
Suppose -36*b + 13*b + 1495 = 0. Calculate the highest common divisor of 1040 and b.
65
Let q(b) = -26*b - 142. Let y be q(-6). What is the highest common divisor of 364 and y?
14
Suppose 268*y = 241*y + 42282. What is the greatest common divisor of 58 and y?
58
Suppose 5*g + 35 = 110. Let m be 0/3 + g + 0. Suppose -3*u - 2*k = -6*u + 235, 320 = 4*u - 4*k. Calculate the greatest common divisor of u and m.
15
Let q be -1*(-1)/2*84. Suppose q*p - 44*p + 972 = 0. What is the highest common divisor of p and 54?
54
Suppose 0 = -2*d + 52 + 74. Let o(b) = -3*b + 40. Let p be o(11). Calculate the greatest common factor of d and p.
7
Suppose 2*l - 57 - 127 = 0. Calculate the highest common factor of l and 253.
23
Let f = -27 + 27. Suppose f = -3*j + j + 6. Calculate the highest common factor of 6 and j.
3
Let n(c) = -c**3 + 7*c**2 + 10*c - 86. Let k be n(6). Calculate the highest common divisor of 95 and k.
5
Suppose -1400 = 133*h - 161*h. Calculate the highest common factor of 1525 and h.
25
Let r = -233 - -239. What is the highest common divisor of r and 174?
6
Let h(j) = -j**3 + 9*j**2 + 12*j + 3. Let r be h(9). What is the highest common divisor of 37 and r?
37
Suppose 0 = 4*o - 2*o. Suppose f + 141 = 2*c - o*f, -c + 73 = -3*f. Calculate the highest common factor of 14 and c.
14
Let b be 1996/10 - 16/(-40). Let f = b - 8. What is the greatest common factor of 24 and f?
24
Let v = 8 + -4. Suppose 41 = 2*x - u, 5*x - v*u - 33 - 62 = 0. Let c = -16 + x. What is the highest common divisor of c and 49?
7
Let v be 26 - -4*1/(-2). Suppose 0*u - 4 = -2*u, r - u - 46 = 0. Suppose -r + 0 = -o. Calculate the highest common factor of v and o.
24
Let h(a) = a + 17. Let s be h(-17). Suppose s = 2*p - 0 + 8, 5*j - 5*p = 100. Calculate the greatest common divisor of j and 128.
16
Let p(n) = -n**3 + 22*n**2 - 21*n + 38. Let q be p(21). What is the greatest common fac